se -i - 2*a = -3*a - 13, 0 = -i + 5*a + 9. What is the greatest common divisor of 42 and i?
14
Suppose a + 39 = o, 0*a + a + 27 = -2*o. Let h = a + 55. Suppose -h = -3*n - 2*d, 2*n - 6*d - 45 = -d. Calculate the highest common divisor of 50 and n.
10
Let h be -2*4*(-45)/60. What is the greatest common divisor of 66 and h?
6
Let j(b) = -12*b - 6. Let o(s) = 6*s + 3. Let h(z) = 4*j(z) + 9*o(z). Let c be h(-2). Let m be 642/27 - 2/c. Calculate the highest common divisor of 216 and m.
24
Let u be (-878)/(-6) + (-2)/(-3). Suppose -u - 45 = -4*g. Calculate the greatest common divisor of g and 12.
12
Suppose 59 = 24*l - 133. Calculate the highest common factor of l and 16.
8
Suppose 5*v - 203 = -23. Suppose 2*m + 2 = 2*b, -4 = 2*m + 2*m + 5*b. Let o = m + 10. What is the greatest common factor of o and v?
9
Let j be 10/(-4)*(-368)/40. What is the greatest common divisor of 184 and j?
23
Let o(i) = 2*i. Let l be o(6). What is the highest common divisor of l and 36?
12
Let d(q) = 15*q + 1. Let i be d(6). Let l = i - -13. Let r(g) = -g**3 + 9*g**2 - 5*g - 11. Let j be r(8). What is the highest common divisor of l and j?
13
Let b(m) = m. Let v(z) = -5*z + 7. Let t(w) = -b(w) - v(w). Let k be t(6). Let c = 61 - k. What is the highest common factor of 11 and c?
11
Let f = -25 + 13. Let a be (24/9)/((-4)/f). Calculate the highest common factor of a and 72.
8
Let l be -1 - (-2 - 14*1). Suppose 0*f + 3*f - l = 0. Let w be 2/6 + (-134)/(-3). Calculate the highest common factor of w and f.
5
Let x = 53 + -43. Suppose -4*n + 642 = 2*g, 2*g + 273 = 3*n - 219. Let c be (n/15)/(3/x). Calculate the greatest common divisor of c and 12.
12
Suppose 11 = -3*y + 68. Suppose -y = -i - 4*c - 0*c, -4*c + 15 = 5*i. Let n be (11 - 0) + i - 1. Calculate the highest common factor of n and 99.
9
Let i be (2 + -1)*-1 - -15. Let t be (23 - -1)/(-3) + 2. Let f be 377/3 - t/18. Calculate the highest common divisor of f and i.
14
Let p(c) = -c**2 - 8*c + 2. Let l be p(-7). Let f(y) = y**2 - 3*y - 1. Let j be f(5). What is the greatest common factor of l and j?
9
Let n(j) = -j + 6. Let d be n(-10). What is the highest common divisor of 24 and d?
8
Let n(f) = 35*f + 3. Let o = 4 - 1. Let g be n(o). Let l(h) = h**2 + 2*h + 4. Let a be l(-4). What is the highest common divisor of a and g?
12
Suppose 5*g - 54 = 3*i, -4 = -g + i + 6. Calculate the greatest common factor of g and 96.
12
Let i be (-4)/10 - 74/(-10). Suppose -q + i + 5 = 0. What is the highest common factor of 18 and q?
6
Suppose 0 = 3*z - 0*z - 12. Let u be 1/z - (-417)/12. Calculate the highest common factor of u and 14.
7
Let o be ((-3)/(-9))/((-2)/(-36)). Suppose w - 2*h - 32 = 0, -52 = -2*w + 2*h - h. Calculate the highest common divisor of w and o.
6
Suppose -3*b = 2*m - 38, -4*m = 3*b - 6*b - 58. Calculate the greatest common factor of 2 and m.
2
Let u be ((-10)/4)/((-2)/4). Let q(n) = -8*n + 1. Let y be q(-1). Suppose y = 3*p + 2*a, -p - 3 + 16 = 4*a. What is the highest common divisor of p and u?
1
Suppose 0 = m - 2 - 3. Suppose 5 = -0*c + m*c. Suppose -3*j - 5*v + c + 32 = 0, -73 = -4*j + 3*v. What is the highest common divisor of 16 and j?
16
Let i be 1/(2*(-1)/4). Let d be 10 + 1/i*4. What is the highest common factor of d and 8?
8
Suppose 0 = 4*k + k - 15. Suppose 0*b + 27 = k*b. Let w be (324/30)/((-4)/(-10)). Calculate the greatest common divisor of w and b.
9
Let c = 5 + -7. Let u be 38/(c + 4) + 2. Suppose 4*z + 5*h = -4 + 60, -5*z - 3*h = -70. Calculate the highest common divisor of u and z.
7
Suppose -42 = -2*w + 24. What is the greatest common divisor of w and 33?
33
Let f = 13 - 5. Let s be (-1 + f/1)*1. Calculate the highest common factor of 35 and s.
7
Let q be 2/5 + 15/25. Calculate the highest common factor of q and 5.
1
Suppose 66 = 4*n - 5*j - 106, -5*n - 4*j + 215 = 0. Suppose u + 3*w = n, 3*w + 77 = 3*u - w. Let x = 49 - u. What is the greatest common factor of x and 12?
6
Suppose 0*h - 2*h = -5*d - 45, -4*d - 40 = -2*h. Let r be (-73)/(-5) + (-4)/(-10). Calculate the greatest common divisor of h and r.
5
Suppose 75 = 4*p + 4*f - 3*f, 5*p - 3*f = 81. Let c = 1 - 3. Let l = 7 - c. What is the highest common divisor of p and l?
9
Let c(w) = -w**3 - 7*w**2 - w + 6. Let m(p) = -p**2 + p + 5. Let r be m(4). Let z be c(r). What is the greatest common factor of 143 and z?
13
Suppose 3*h - 19 = 2*h. Suppose -6 = -4*u - 3*f + h, 0 = -3*u - 2*f + 19. What is the highest common divisor of 77 and u?
7
Suppose -3*g = 38 + 16. Let r = g + 6. Let x be 198/r*28/(-6). Calculate the highest common factor of 7 and x.
7
Let h(v) = -1 - 4*v**3 - 1 + 2*v**2 + 1. Let b be h(-1). What is the highest common divisor of b and 1?
1
Let c = 3 - 2. Let f = -9 - -12. Calculate the highest common factor of f and c.
1
Let m = -64 + 105. What is the highest common factor of 164 and m?
41
Let r(a) be the second derivative of a**4/12 - a**3/3 + a**2/2 + a. Let b be r(1). Let m be 0/(-2) + b + 34. What is the greatest common divisor of m and 85?
17
Let a(c) = 9*c**2 + c - 1. Let b be 3/6*2*1. Let l be a(b). Calculate the greatest common factor of l and 18.
9
Suppose 0*j = -j + 143. Let i = 31 + -18. What is the greatest common divisor of j and i?
13
Suppose 0 = 4*o + 9 - 297. Let q = -46 - -55. What is the greatest common divisor of o and q?
9
Let h be 400/6 - (-2)/(-3). What is the highest common divisor of h and 22?
22
Suppose 0 = -12*t + 15*t - 375. Calculate the greatest common factor of 25 and t.
25
Let f(j) = 24*j - 8. Let g be f(7). What is the highest common divisor of 40 and g?
40
Let a = 66 - 30. Calculate the highest common divisor of a and 9.
9
Let y(j) = 2*j**2 - j + 4. Let h be y(-3). Suppose 375 = 2*l + l. Calculate the highest common divisor of l and h.
25
Let v(f) = -f**2 - f + 17. Let w be v(0). Calculate the greatest common factor of 17 and w.
17
Let i be -1 - 0 - (-9 + 2). Suppose 0*f = f + 3*h - 1, 0 = -3*f + h + 13. Calculate the greatest common factor of f and i.
2
Let v be 45/(-18)*18/(-5). What is the highest common factor of v and 90?
9
Let g = -185 + 260. What is the highest common divisor of 15 and g?
15
Let h be 1/(-1 - 10/(-8)). Suppose 20 = -5*m + 10*m, -5*m = -4*g - 4. What is the greatest common factor of h and g?
4
Suppose -6*k + 2*k + 2*p = -122, -5*k + 5*p = -145. What is the greatest common divisor of 16 and k?
16
Let q = -35 + 100. Calculate the highest common factor of q and 26.
13
Suppose -a + 5*y = y - 4, -2*y - 26 = -2*a. Calculate the highest common divisor of 40 and a.
8
Let d = -19 - -51. Let b = -20 + d. Let a be (-1)/((-1)/98) + -2. What is the highest common factor of a and b?
12
Suppose 7*u - 15 = 2*u. Suppose -12 = -2*f + 3*b, 5*f - 72 = u*b - 6*b. Calculate the highest common divisor of f and 84.
12
Let y(x) = 7*x + 1. Let w be y(4). Let g be 52/8 - (-2)/4. Suppose t = 2*f - 7*f + w, -3*f + 2*t = -g. What is the highest common factor of 2 and f?
1
Let m = -2 - -6. Suppose -3*s = -2*l + 2*s + 127, -100 = -2*l - m*s. Suppose 3*r = -r + l. Calculate the highest common factor of r and 42.
14
Let y be 4/(0 - (-2)/3). Suppose -3*t + y = 21, 11 = 3*x - t. Suppose -3*f + 42 = 3*l, 5*f = -2*l - 0*l + 82. Calculate the greatest common factor of f and x.
2
Let u = -50 + 226. Let f be (u/(-24))/(4/(-42)). What is the greatest common divisor of 11 and f?
11
Suppose 9 = 5*v - 16. Let h(j) = j**2 - 6*j + 7. Let r be h(v). Calculate the highest common factor of 1 and r.
1
Suppose -2*r + 80 = r + 5*w, -20 = -r + 5*w. What is the highest common factor of 225 and r?
25
Let z(o) = -o**3 - 2*o**2 - 3*o + 1. Let k be z(-3). Suppose 3*a = 2*a + 1. Suppose -a - 37 = -2*g. What is the highest common factor of k and g?
19
Suppose 0 = -o - 25 + 70. Let j(s) = -s - 3. Let l be j(-3). Suppose b - 6 - 12 = l. What is the greatest common divisor of o and b?
9
Let j be (-1)/(15/12)*-10. What is the highest common factor of j and 16?
8
Let w be ((-8)/(-2))/(-2) - -50. What is the greatest common divisor of w and 72?
24
Suppose -88 = -4*u + 3*h, 4*u - 2*u + h = 44. Calculate the greatest common factor of u and 11.
11
Let k be 5 + (0 - (1 - 2)). Suppose -2*t = -4*t + k. Let c be (-1)/t + 245/15. What is the highest common divisor of 128 and c?
16
Let m(g) = 3*g + 6. Let w be m(3). What is the greatest common divi